 when 863619 is divided by 858?
471
What is the remainder when 244161 is divided by 146?
49
Calculate the remainder when 34431 is divided by 8236.
1487
What is the remainder when 205028 is divided by 102513?
2
What is the remainder when 624955 is divided by 62486?
95
What is the remainder when 138293 is divided by 197?
196
Calculate the remainder when 844287 is divided by 844267.
20
What is the remainder when 36401876 is divided by 7280375?
1
Calculate the remainder when 203212798 is divided by 60.
58
Calculate the remainder when 286060 is divided by 633.
577
Calculate the remainder when 1617601 is divided by 118.
57
What is the remainder when 17379480 is divided by 194?
184
What is the remainder when 943135 is divided by 3241?
4
What is the remainder when 1689856 is divided by 7971?
4
What is the remainder when 4399193 is divided by 1466389?
26
What is the remainder when 99475 is divided by 3132?
2383
Calculate the remainder when 7759028 is divided by 519.
497
Calculate the remainder when 36408 is divided by 3681.
3279
What is the remainder when 605820 is divided by 9465?
60
Calculate the remainder when 215287 is divided by 13326.
2071
Calculate the remainder when 2605644 is divided by 359.
22
What is the remainder when 51035 is divided by 16242?
2309
Calculate the remainder when 1415328 is divided by 1988.
1860
Calculate the remainder when 577880 is divided by 10814.
4738
Calculate the remainder when 1403238 is divided by 3608.
3334
Calculate the remainder when 461610 is divided by 9819.
117
What is the remainder when 32004 is divided by 14805?
2394
What is the remainder when 29279197 is divided by 185?
172
What is the remainder when 11477 is divided by 3333?
1478
Calculate the remainder when 19643280 is divided by 35140.
20
Calculate the remainder when 7302799 is divided by 111.
109
Calculate the remainder when 13063361 is divided by 21.
17
Calculate the remainder when 12963053 is divided by 85848.
5
What is the remainder when 120273 is divided by 628?
325
What is the remainder when 60349 is divided by 60340?
9
Calculate the remainder when 33143879 is divided by 136.
135
Calculate the remainder when 9736293 is divided by 1902.
1857
Calculate the remainder when 1336340 is divided by 111276.
1028
What is the remainder when 71973 is divided by 865?
178
What is the remainder when 89608 is divided by 242?
68
What is the remainder when 49398 is divided by 3065?
358
What is the remainder when 5670018 is divided by 10698?
78
Calculate the remainder when 11859786 is divided by 51341.
15
What is the remainder when 188333 is divided by 8968?
5
Calculate the remainder when 68819 is divided by 1860.
1859
Calculate the remainder when 1095888 is divided by 7405.
7353
Calculate the remainder when 666891 is divided by 665851.
1040
Calculate the remainder when 38035000 is divided by 506.
498
What is the remainder when 7275674 is divided by 32?
26
Calculate the remainder when 332709 is divided by 23471.
4115
Calculate the remainder when 69195 is divided by 55350.
13845
What is the remainder when 332393 is divided by 302?
193
What is the remainder when 18155997 is divided by 1381?
1371
What is the remainder when 15429073 is divided by 1028604?
13
What is the remainder when 2705911 is divided by 901956?
43
Calculate the remainder when 358835 is divided by 32617.
48
Calculate the remainder when 13421526 is divided by 1790.
106
What is the remainder when 2015150 is divided by 338?
332
What is the remainder when 14745 is divided by 1181?
573
What is the remainder when 268475 is divided by 3154?
385
Calculate the remainder when 1134766 is divided by 149.
131
What is the remainder when 7563 is divided by 2562?
2439
Calculate the remainder when 52214 is divided by 51668.
546
Calculate the remainder when 30197088 is divided by 6039416.
8
Calculate the remainder when 16758738 is divided by 246.
234
Calculate the remainder when 4697219 is divided by 2348609.
1
Calculate the remainder when 396531 is divided by 98737.
1583
What is the remainder when 23140499 is divided by 2314047?
29
What is the remainder when 24834544 is divided by 266?
252
What is the remainder when 2938020 is divided by 649?
646
What is the remainder when 517368 is divided by 28?
12
Calculate the remainder when 444560 is divided by 444484.
76
What is the remainder when 13324711 is divided by 757?
754
What is the remainder when 1407099 is divided by 879?
699
What is the remainder when 72562151 is divided by 8379?
11
What is the remainder when 286703 is divided by 10225?
403
Calculate the remainder when 122062710 is divided by 274916.
6
What is the remainder when 2706242 is divided by 676532?
114
What is the remainder when 5725590 is divided by 357848?
22
Calculate the remainder when 256484 is divided by 23125.
2109
Calculate the remainder when 71897 is divided by 23939.
80
What is the remainder when 625063 is divided by 187?
109
What is the remainder when 17258 is divided by 884?
462
Calculate the remainder when 972155534 is divided by 2794.
2792
What is the remainder when 264791 is divided by 8027?
7927
Calculate the remainder when 981189597 is divided by 300.
297
Calculate the remainder when 1075556 is divided by 153.
119
What is the remainder when 18558307 is divided by 483?
481
What is the remainder when 5263795 is divided by 68?
51
What is the remainder when 3357064 is divided by 5577?
5287
What is the remainder when 483006 is divided by 5333?
3036
Calculate the remainder when 2002212 is divided by 8041.
3
What is the remainder when 2763138 is divided by 25?
13
What is the remainder when 8256278 is divided by 78631?
23
Calculate the remainder when 294073 is divided by 21.
10
Calculate the remainder when 219643 is divided by 182.
151
Calculate the remainder when 114576 is divided by 114478.
98
What is the remainder when 28143427 is divided by 1364?
15
What is the remainder when 1411233 is divided by 247?
122
Calculate the remainder when 661252 is divided by 43876.
3112
What is the remainder when 176906 is divided by 88121?
664
What is the remainder when 46154700 is divided by 11?
9
Calculate the remainder when 4953 is divided by 778.
285
What is the remainder when 1415571 is divided by 1202?
817
Calculate the remainder when 616056 is divided by 616030.
26
What is the remainder when 516503 is divided by 844?
819
Calculate the remainder when 66650 is divided by 6567.
980
Calculate the remainder when 6106953 is divided by 150.
3
What is the remainder when 19517043 is divided by 4879246?
59
What is the remainder when 127193 is divided by 63584?
25
What is the remainder when 5796 is divided by 335?
101
What is the remainder when 990284 is divided by 796?
60
Calculate the remainder when 434656 is divided by 1030.
1026
Calculate the remainder when 55898698 is divided by 61.
6
Calculate the remainder when 7521666 is divided by 13.
9
Calculate the remainder when 722311 is divided by 1604.
511
Calculate the remainder when 1814850 is divided by 102.
66
What is the remainder when 45178 is divided by 723?
352
Calculate the remainder when 2715010 is divided by 79.
17
What is the remainder when 998396 is divided by 551?
535
Calculate the remainder when 41276 is divided by 1287.
92
Calculate the remainder when 9706404 is divided by 2204.
2192
Calculate the remainder when 50591 is divided by 1516.
563
What is the remainder when 5639454 is divided by 3479?
3474
What is the remainder when 1050064 is divided by 4730?
4
What is the remainder when 80735 is divided by 521?
501
Calculate the remainder when 4940431 is divided by 6191.
13
What is the remainder when 466426 is divided by 2810?
2776
Calculate the remainder when 515849 is divided by 105.
89
What is the remainder when 4612 is divided by 206?
80
What is the remainder when 57058729 is divided by 429013?
0
Calculate the remainder when 534137 is divided by 642.
635
Calculate the remainder when 18237 is divided by 1758.
657
Calculate the remainder when 83025 is divided by 82604.
421
Calculate the remainder when 255482 is divided by 83869.
3875
What is the remainder when 1651031 is divided by 183?
5
Calculate the remainder when 175666327 is divided by 271509.
4
Calculate the remainder when 18408635 is divided by 73050.
35
Calculate the remainder when 685350 is div